emainder when r(y) is divided by 15.
13
Let j = -15 + 37. Calculate the remainder when 107 is divided by j.
19
Let m = -160 + 239. What is the remainder when m is divided by 20?
19
Let s = 83 + -68. Calculate the remainder when 44 is divided by s.
14
Let p = 13 - 4. Let j be (-36)/(-27)*(-2 - 1). Let s(o) = o**2 - 1. Calculate the remainder when s(j) is divided by p.
6
Let n = 4 - -20. What is the remainder when n is divided by 9?
6
Let v be (1/(-2))/((-1)/8). Suppose 0 = -v*l + 52 + 184. Calculate the remainder when l is divided by 20.
19
Let k = 17 + -10. Suppose -34 = -2*h + 6. Calculate the remainder when h is divided by k.
6
Let j be 0 + -2 + -6 + 156. Suppose -5*z - j = -9*z. Calculate the remainder when z is divided by 13.
11
Let t(z) = -11*z - 3. Let p(c) = c**2 + 11*c + 10. Let g be p(-8). Let k be (-3)/(-2) + g/4. What is the remainder when t(k) is divided by 7?
5
Suppose -3 = 6*z - 5*z. What is the remainder when 35 is divided by 6 + -3*z/3?
8
Suppose 6 + 6 = 4*s - 4*d, -5*s + 4*d + 17 = 0. Let z(w) = 3*w - 41. Calculate the remainder when z(18) is divided by s.
3
Let c = -58 + 64. What is the remainder when -1 + 9 - (-2 + 1) is divided by c?
3
Suppose 5*u = -7 + 82. Suppose 2*i - 26 = -4*d, -4*d + u = d. What is the remainder when 20 is divided by i?
6
Let c = 1 - -16. Suppose 0 = 7*g - 2*g - j - 55, -28 = -4*g + 4*j. Let l = -6 + g. Calculate the remainder when c is divided by l.
5
Let l(c) = -c**3 + 6*c**2 - 3*c. Let u be (7 - -296)*1/3. Suppose -2*w + 62 = -3*k, -5*w - 3*k + 33 = -u. What is the remainder when w is divided by l(5)?
8
Suppose 0 = 5*x + 10, r - 4*r = -3*x + 21. Let o(q) be the third derivative of -q**4/12 + 5*q**3/3 - q**2. What is the remainder when o(r) is divided by 15?
13
Suppose -h + 3*m + 0*m = 3, 0 = m - 2. Suppose 43 = 4*o - s, o + h*s + 39 = 4*o. Calculate the remainder when 19 is divided by o.
9
Suppose 4*u = -3*r + 35, -3*u + 22 = r - 3*r. What is the remainder when 15 is divided by u?
7
Suppose -103 - 119 = -3*c. What is the remainder when c is divided by 16?
10
Let u = 0 - -3. Let s = 0 + 1. Suppose 2*o - s = 3. Calculate the remainder when u is divided by o.
1
Let r(b) = 6*b. Suppose -c - 14 = -3*c. Calculate the remainder when r(2) is divided by c.
5
Let n be 10/(-45) + (-76)/(-18). Let r(t) = -t**2 + 6*t - 5. What is the remainder when r(n) is divided by 2?
1
Let v(t) = -7*t - 4. What is the remainder when 90 is divided by v(-5)?
28
Let k be 2 + (-2 - -2)*-1. Suppose -k*q + 16 = -0*q. Suppose -c + q + 39 = 0. What is the remainder when c is divided by 24?
23
Suppose 0 = -7*x + 3*x + 16. Suppose x*p + 1 = -w - 9, 0 = 5*p + 2*w + 11. What is the remainder when 20 + -3 + (-18)/p is divided by 8?
7
Let k = -79 - -108. Calculate the remainder when (-4 - -2)/(2/(-113)) is divided by k.
26
Let r = -8 + 14. Let l = 17 - r. What is the remainder when l is divided by 3?
2
Suppose 2*y = -y + 48. Suppose -4*r + 4*j + 98 = -14, -2*r + 62 = 4*j. Calculate the remainder when r is divided by y.
13
Let v = -16 + 16. Suppose -2*p + 90 = -v*p. What is the remainder when p is divided by 12?
9
Let m be 1/(-1)*-12 + 0. Suppose 2*v = -m + 38. Suppose 7*k = 3*k + 16. Calculate the remainder when v is divided by k.
1
Suppose -2*s - 10 = x + 3*x, 4*s = -3*x. Suppose -4*d - 6 + 30 = 3*v, 5*v - 14 = 2*d. Calculate the remainder when s is divided by d.
0
Let p = -21 - -18. Let z(j) = -3*j**3 - 2*j**2 + 2*j - 3. What is the remainder when z(p) is divided by 19?
16
Let g = -6 + 8. Suppose 0 = b - 2*b - 3*i + 21, 0 = 2*b - 5*i + g. What is the remainder when 16 is divided by b?
7
Suppose -l + 12 = 5*k, 5*l - k = -4*k + 38. What is the remainder when 10 is divided by l?
3
Suppose 0 = -s + 5*s - 8. Calculate the remainder when 26 is divided by 3 + 13 - (0 + s).
12
Let b be (5/4)/(1/4). Let m = 20 + b. Suppose -2*f + f + j = -m, -f - 4*j = -15. Calculate the remainder when f is divided by 8.
7
Let a(y) = 2*y**2 - 4*y - 5. Calculate the remainder when a(4) is divided by 7.
4
Let b(k) = 4*k**3 - k**2 + 3*k - 1. Let u = 37 + -20. What is the remainder when b(2) is divided by u?
16
Suppose 22*t - 21*t - 35 = 0. What is the remainder when t is divided by 12?
11
Let s be (-4)/(-22) + (-40)/(-22). Suppose -s*z + 6*z = 200. What is the remainder when z is divided by 13?
11
Let h = 84 - 74. Let y(t) = -3*t + 5. What is the remainder when y(-4) is divided by h?
7
Let b(h) = -6*h**3. Let p be b(-1). Suppose 7*s - 25 = p*s. Calculate the remainder when s is divided by 13.
12
Suppose 0 = 159*m - 160*m + 18. Calculate the remainder when m is divided by 4.
2
Let r be 164/4 - 1*-1. Let y = r - 21. Calculate the remainder when 40 is divided by y.
19
Let t(h) = h. Let c be t(2). Suppose 5*z + 4*g = 200 - 506, -c*z - 96 = -5*g. Let q = z + 86. What is the remainder when q is divided by 10?
8
Let w = -8 - -6. Let i = 3 + w. Suppose 0*g + g - 1 = 0. What is the remainder when i is divided by g?
0
Let p be ((2/2)/1)/1. Suppose -2*v - 2*h + h = -p, 0 = 5*h - 5. Suppose v*d = d - 3. Calculate the remainder when d is divided by 2.
1
Let n(s) = 2*s**3 + 19*s**2 + 14*s - 6. What is the remainder when n(-8) is divided by 25?
24
Let y(r) = r**3 - 6*r**2 + r - 4. Suppose -2*p - 24 = -6*p. Let f be y(p). Let u = 5 - f. What is the remainder when 5 is divided by u?
2
Suppose 439 - 29 = 5*k. Suppose -22 = -t + u, 0*t = 3*t + u - k. Let s(r) = r**2 - 3*r - 1. What is the remainder when t is divided by s(-2)?
8
Suppose 99 = 2*u + 33. What is the remainder when u is divided by 7?
5
Let r(d) = 12*d + 2. Let p(x) = -x**2 - 7*x - 2. Calculate the remainder when r(1) is divided by p(-5).
6
Suppose 4*x - 295 = s, -3*s = 3*x - x - 165. Suppose 5*f = -15 + x. Suppose -v + 4*y + 2 + 4 = 0, 5*v - 102 = 2*y. What is the remainder when v is divided by f?
10
Let u(c) = c**3 + 7*c**2 + 5*c + 4. Let f be u(-6). Suppose -15 = -f*k + 5*k. What is the remainder when 7 is divided by k?
1
Suppose 3*m + m - 132 = 0. What is the remainder when m is divided by 6?
3
Suppose 3*b = -0*b + 12. Calculate the remainder when (-52)/(-6) - (-4)/12 is divided by b.
1
Let m = -2 + 4. Suppose -3 = -d - x, -2*d - x + m = -0*x. Calculate the remainder when 1 is divided by (4 - 2) + 0 + d.
0
Let a(w) = w + 6. Let s be a(-3). Suppose -u + 8 = s*u. What is the remainder when 4 - (-1 - -2)/(-1) is divided by u?
1
Let c = -24 - -37. Calculate the remainder when c is divided by 3.
1
Let s(t) = t**3 + 26. Calculate the remainder when s(0) is divided by 9.
8
Let h(k) = k**3 - 7*k**2 + 9*k - 5. What is the remainder when 22 is divided by h(6)?
9
Let z = -42 - -70. What is the remainder when 135 is divided by z?
23
What is the remainder when 26 is divided by (-15)/(-4 - (-2 - (-3)/(-6)))?
6
Suppose 2*r = -4*p + 2 - 6, r - p - 7 = 0. Let c = 0 - 0. Calculate the remainder when (-1)/(2/(-20) + c) is divided by r.
2
Let q = 30 - 22. Let m(c) = 14*c + 1. What is the remainder when m(2) is divided by q?
5
Let g(i) = -4*i - 8. Let r be g(11). Let z = -33 - r. What is the remainder when z is divided by 10?
9
Suppose 8*k - 11*k = -5*j + 526, -5*j - k + 518 = 0. What is the remainder when j is divided by 35?
34
Calculate the remainder when 2 - (-2 + -1)*1 is divided by 4.
1
What is the remainder when 29 is divided by -1 + 7 - -4 - 0?
9
Suppose 5*l - 2 = 3*l. Let o(y) = 11*y + 1. Calculate the remainder when o(l) is divided by 7.
5
Let h(b) = 12*b**2 - 2*b - 1. Let r be h(-1). Let i = r - 5. Let u(q) = -2*q**3 - 2*q**2 - 3*q. Calculate the remainder when u(-2) is divided by i.
6
Let u = -102 + 108. Calculate the remainder when 1*9*(-1 + 2) is divided by u.
3
Let z = 134 + -117. Let m(l) = 20*l + 4. Let o be m(6). Suppose -2*w - 2*w = -o. Calculate the remainder when w is divided by z.
14
Suppose -291 = l - 4*l. What is the remainder when l is divided by 20?
17
Calculate the remainder when 68 is divided by (-214)/(-6) + (6/(-9) - 0).
33
Suppose -4*j - 2*f + 96 + 146 = 0, -f = j - 59. What is the remainder when j is divided by (8/3)/((-1)/(-6))?
14
Let v(x) = 1 - 4 + 4 - 2*x. Calculate the remainder when v(-4) is divided by 5.
4
Let r(k) = k + 1. Let v be r(-8). Let z = -2 - v. Suppose -z - 31 = -3*x. Calculate the remainder when 35 is divided by x.
11
Let m(u) = 22*u + 1. Let v(o) = 11*o**2 + 6*o + 7. What is the remai